{"id":5157,"date":"2021-10-08T07:55:52","date_gmt":"2021-10-08T07:55:52","guid":{"rendered":"https:\/\/eoly-energy.com\/faqs\/que-pense-la-population-de-lenergie-eolienne%e2%80%af\/"},"modified":"2021-10-08T07:55:52","modified_gmt":"2021-10-08T07:55:52","slug":"que-pense-la-population-de-lenergie-eolienne%e2%80%af","status":"publish","type":"faq","link":"https:\/\/eoly-energy.com\/fr\/faqs\/que-pense-la-population-de-lenergie-eolienne%e2%80%af\/","title":{"rendered":"Que pense la population de l\u2019\u00e9nergie \u00e9olienne\u202f?"},"content":{"rendered":"<p><span class=\"TextRun SCXW88858333 BCX0\" lang=\"FR-FR\" xml:lang=\"FR-FR\" data-contrast=\"auto\"><span class=\"NormalTextRun SCXW88858333 BCX0\">Une\u202f<\/span><\/span><a class=\"Hyperlink SCXW88858333 BCX0\" href=\"https:\/\/emis.vito.be\/sites\/emis.vito.be\/files\/articles\/3331\/2015\/Eindrapport_draagvlakwindenergie.pdf\" target=\"_blank\" rel=\"noreferrer noopener\"><span class=\"TextRun Underlined SCXW88858333 BCX0\" lang=\"FR-FR\" xml:lang=\"FR-FR\" data-contrast=\"none\"><span class=\"NormalTextRun SCXW88858333 BCX0\" data-ccp-charstyle=\"Hyperlink\">enqu\u00eate<\/span><\/span><\/a><span class=\"TextRun SCXW88858333 BCX0\" lang=\"FR-FR\" xml:lang=\"FR-FR\" data-contrast=\"auto\"><span class=\"NormalTextRun SCXW88858333 BCX0\">\u202f<\/span><span class=\"ContextualSpellingAndGrammarError SCXW88858333 BCX0\">r\u00e9v\u00e8le<\/span><span class=\"NormalTextRun SCXW88858333 BCX0\">\u00a0que la majorit\u00e9 de la population (plus de 80\u202f%) n\u2019a aucun probl\u00e8me avec l\u2019\u00e9nergie \u00e9olienne.\u202fMais beaucoup de choses d\u00e9pendent de la mani\u00e8re dont le projet se concr\u00e9tise. Les habitants du quartier sont-ils impliqu\u00e9s\u202f? Les informations fournies sont-elles suffisantes\u202f?\u202f<\/span><span class=\"SpellingError SCXW88858333 BCX0\">Eoly<\/span><span class=\"NormalTextRun SCXW88858333 BCX0\">\u202fEnergy s\u2019attache toujours \u00e0 \u00e9tablir une communication ouverte et transparente.\u202fVous avez des\u00a0<\/span><span class=\"FindHit SCXW88858333 BCX0\">questions<\/span><span class=\"NormalTextRun SCXW88858333 BCX0\">\u00a0sur un projet de votre r\u00e9gion\u202f? Envoyez-les \u00e0\u00a0<\/span><\/span><a class=\"Hyperlink SCXW88858333 BCX0\" href=\"mailto:info@eoly.be\" target=\"_blank\" rel=\"noreferrer noopener\"><span class=\"TextRun Underlined SCXW88858333 BCX0\" lang=\"FR-FR\" xml:lang=\"FR-FR\" data-contrast=\"none\"><span class=\"NormalTextRun SCXW88858333 BCX0\" data-ccp-charstyle=\"Hyperlink\">info@eoly.be<\/span><\/span><\/a><span class=\"TextRun SCXW88858333 BCX0\" lang=\"FR-FR\" xml:lang=\"FR-FR\" data-contrast=\"auto\"><span class=\"NormalTextRun SCXW88858333 BCX0\">. Nous vous <\/span><\/span><span class=\"TrackChangeTextInsertion TrackedChange  BCX0 SCXW88858333\"><span class=\"TextRun  BCX0 SCXW88858333\" lang=\"FR-FR\" xml:lang=\"FR-FR\" data-contrast=\"auto\"><span class=\"NormalTextRun  BCX0 SCXW88858333\">r\u00e9pondront\u00a0<\/span><\/span><\/span><span class=\"TextRun  BCX0 SCXW88858333\" lang=\"FR-FR\" xml:lang=\"FR-FR\" data-contrast=\"auto\"><span class=\"NormalTextRun  BCX0 SCXW88858333\">le plus rapidement possible.<\/span><\/span><\/p>\n","protected":false},"template":"elementor_header_footer","class_list":["post-5157","faq","type-faq","status-publish","hentry","faq-cat-energieeolienne-fr"],"acf":[],"yoast_head":"<!-- This site is optimized with the Yoast SEO plugin v27.5 - https:\/\/yoast.com\/product\/yoast-seo-wordpress\/ -->\n<title>Que pense la population de l\u2019\u00e9nergie \u00e9olienne\u202f? - Eoly<\/title>\n<meta name=\"robots\" content=\"index, follow, max-snippet:-1, max-image-preview:large, max-video-preview:-1\" \/>\n<link rel=\"canonical\" href=\"https:\/\/eoly-energy.com\/fr\/faqs\/que-pense-la-population-de-lenergie-eolienne%e2%80%af\/\" \/>\n<meta property=\"og:locale\" content=\"fr_FR\" \/>\n<meta property=\"og:type\" content=\"article\" \/>\n<meta property=\"og:title\" content=\"Que pense la population de l\u2019\u00e9nergie \u00e9olienne\u202f? - Eoly\" \/>\n<meta property=\"og:description\" content=\"Une\u202fenqu\u00eate\u202fr\u00e9v\u00e8le\u00a0que la majorit\u00e9 de la population (plus de 80\u202f%) n\u2019a aucun probl\u00e8me avec l\u2019\u00e9nergie \u00e9olienne.\u202fMais beaucoup de choses d\u00e9pendent de la mani\u00e8re dont le projet se concr\u00e9tise. Les habitants du quartier sont-ils impliqu\u00e9s\u202f? Les informations fournies sont-elles suffisantes\u202f?\u202fEoly\u202fEnergy s\u2019attache toujours \u00e0 \u00e9tablir une communication ouverte et transparente.\u202fVous avez des\u00a0questions\u00a0sur un projet de votre r\u00e9gion\u202f? Envoyez-les &hellip; Continue reading &quot;Que pense la population de l\u2019\u00e9nergie \u00e9olienne\u202f?&quot;\" \/>\n<meta property=\"og:url\" content=\"https:\/\/eoly-energy.com\/fr\/faqs\/que-pense-la-population-de-lenergie-eolienne%e2%80%af\/\" \/>\n<meta property=\"og:site_name\" content=\"Eoly\" \/>\n<meta name=\"twitter:card\" content=\"summary_large_image\" \/>\n<script type=\"application\/ld+json\" class=\"yoast-schema-graph\">{\"@context\":\"https:\\\/\\\/schema.org\",\"@graph\":[{\"@type\":\"WebPage\",\"@id\":\"https:\\\/\\\/eoly-energy.com\\\/fr\\\/faqs\\\/que-pense-la-population-de-lenergie-eolienne%e2%80%af\\\/\",\"url\":\"https:\\\/\\\/eoly-energy.com\\\/fr\\\/faqs\\\/que-pense-la-population-de-lenergie-eolienne%e2%80%af\\\/\",\"name\":\"Que pense la population de l\u2019\u00e9nergie \u00e9olienne\u202f? - Eoly\",\"isPartOf\":{\"@id\":\"https:\\\/\\\/eoly-energy.com\\\/fr\\\/#website\"},\"datePublished\":\"2021-10-08T07:55:52+00:00\",\"breadcrumb\":{\"@id\":\"https:\\\/\\\/eoly-energy.com\\\/fr\\\/faqs\\\/que-pense-la-population-de-lenergie-eolienne%e2%80%af\\\/#breadcrumb\"},\"inLanguage\":\"fr-FR\",\"potentialAction\":[{\"@type\":\"ReadAction\",\"target\":[\"https:\\\/\\\/eoly-energy.com\\\/fr\\\/faqs\\\/que-pense-la-population-de-lenergie-eolienne%e2%80%af\\\/\"]}]},{\"@type\":\"BreadcrumbList\",\"@id\":\"https:\\\/\\\/eoly-energy.com\\\/fr\\\/faqs\\\/que-pense-la-population-de-lenergie-eolienne%e2%80%af\\\/#breadcrumb\",\"itemListElement\":[{\"@type\":\"ListItem\",\"position\":1,\"name\":\"Home\",\"item\":\"https:\\\/\\\/eoly-energy.com\\\/fr\\\/\"},{\"@type\":\"ListItem\",\"position\":2,\"name\":\"Faq\",\"item\":\"https:\\\/\\\/eoly-energy.com\\\/fr\\\/faqs\\\/\"},{\"@type\":\"ListItem\",\"position\":3,\"name\":\"Que pense la population de l\u2019\u00e9nergie \u00e9olienne\u202f?\"}]},{\"@type\":\"WebSite\",\"@id\":\"https:\\\/\\\/eoly-energy.com\\\/fr\\\/#website\",\"url\":\"https:\\\/\\\/eoly-energy.com\\\/fr\\\/\",\"name\":\"Eoly\",\"description\":\"Er waait een wind van verandering\",\"publisher\":{\"@id\":\"https:\\\/\\\/eoly-energy.com\\\/fr\\\/#organization\"},\"potentialAction\":[{\"@type\":\"SearchAction\",\"target\":{\"@type\":\"EntryPoint\",\"urlTemplate\":\"https:\\\/\\\/eoly-energy.com\\\/fr\\\/?s={search_term_string}\"},\"query-input\":{\"@type\":\"PropertyValueSpecification\",\"valueRequired\":true,\"valueName\":\"search_term_string\"}}],\"inLanguage\":\"fr-FR\"},{\"@type\":\"Organization\",\"@id\":\"https:\\\/\\\/eoly-energy.com\\\/fr\\\/#organization\",\"name\":\"Eoly\",\"url\":\"https:\\\/\\\/eoly-energy.com\\\/fr\\\/\",\"logo\":{\"@type\":\"ImageObject\",\"inLanguage\":\"fr-FR\",\"@id\":\"https:\\\/\\\/eoly-energy.com\\\/fr\\\/#\\\/schema\\\/logo\\\/image\\\/\",\"url\":\"https:\\\/\\\/eoly-energy.com\\\/wp-content\\\/uploads\\\/2025\\\/01\\\/64a9e6bc-8e45-4738-a093-6e93c8bf16f0.png\",\"contentUrl\":\"https:\\\/\\\/eoly-energy.com\\\/wp-content\\\/uploads\\\/2025\\\/01\\\/64a9e6bc-8e45-4738-a093-6e93c8bf16f0.png\",\"width\":1920,\"height\":490,\"caption\":\"Eoly\"},\"image\":{\"@id\":\"https:\\\/\\\/eoly-energy.com\\\/fr\\\/#\\\/schema\\\/logo\\\/image\\\/\"}}]}<\/script>\n<!-- \/ Yoast SEO plugin. -->","yoast_head_json":{"title":"Que pense la population de l\u2019\u00e9nergie \u00e9olienne\u202f? - Eoly","robots":{"index":"index","follow":"follow","max-snippet":"max-snippet:-1","max-image-preview":"max-image-preview:large","max-video-preview":"max-video-preview:-1"},"canonical":"https:\/\/eoly-energy.com\/fr\/faqs\/que-pense-la-population-de-lenergie-eolienne%e2%80%af\/","og_locale":"fr_FR","og_type":"article","og_title":"Que pense la population de l\u2019\u00e9nergie \u00e9olienne\u202f? - Eoly","og_description":"Une\u202fenqu\u00eate\u202fr\u00e9v\u00e8le\u00a0que la majorit\u00e9 de la population (plus de 80\u202f%) n\u2019a aucun probl\u00e8me avec l\u2019\u00e9nergie \u00e9olienne.\u202fMais beaucoup de choses d\u00e9pendent de la mani\u00e8re dont le projet se concr\u00e9tise. Les habitants du quartier sont-ils impliqu\u00e9s\u202f? Les informations fournies sont-elles suffisantes\u202f?\u202fEoly\u202fEnergy s\u2019attache toujours \u00e0 \u00e9tablir une communication ouverte et transparente.\u202fVous avez des\u00a0questions\u00a0sur un projet de votre r\u00e9gion\u202f? Envoyez-les &hellip; Continue reading \"Que pense la population de l\u2019\u00e9nergie \u00e9olienne\u202f?\"","og_url":"https:\/\/eoly-energy.com\/fr\/faqs\/que-pense-la-population-de-lenergie-eolienne%e2%80%af\/","og_site_name":"Eoly","twitter_card":"summary_large_image","schema":{"@context":"https:\/\/schema.org","@graph":[{"@type":"WebPage","@id":"https:\/\/eoly-energy.com\/fr\/faqs\/que-pense-la-population-de-lenergie-eolienne%e2%80%af\/","url":"https:\/\/eoly-energy.com\/fr\/faqs\/que-pense-la-population-de-lenergie-eolienne%e2%80%af\/","name":"Que pense la population de l\u2019\u00e9nergie \u00e9olienne\u202f? - Eoly","isPartOf":{"@id":"https:\/\/eoly-energy.com\/fr\/#website"},"datePublished":"2021-10-08T07:55:52+00:00","breadcrumb":{"@id":"https:\/\/eoly-energy.com\/fr\/faqs\/que-pense-la-population-de-lenergie-eolienne%e2%80%af\/#breadcrumb"},"inLanguage":"fr-FR","potentialAction":[{"@type":"ReadAction","target":["https:\/\/eoly-energy.com\/fr\/faqs\/que-pense-la-population-de-lenergie-eolienne%e2%80%af\/"]}]},{"@type":"BreadcrumbList","@id":"https:\/\/eoly-energy.com\/fr\/faqs\/que-pense-la-population-de-lenergie-eolienne%e2%80%af\/#breadcrumb","itemListElement":[{"@type":"ListItem","position":1,"name":"Home","item":"https:\/\/eoly-energy.com\/fr\/"},{"@type":"ListItem","position":2,"name":"Faq","item":"https:\/\/eoly-energy.com\/fr\/faqs\/"},{"@type":"ListItem","position":3,"name":"Que pense la population de l\u2019\u00e9nergie \u00e9olienne\u202f?"}]},{"@type":"WebSite","@id":"https:\/\/eoly-energy.com\/fr\/#website","url":"https:\/\/eoly-energy.com\/fr\/","name":"Eoly","description":"Er waait een wind van verandering","publisher":{"@id":"https:\/\/eoly-energy.com\/fr\/#organization"},"potentialAction":[{"@type":"SearchAction","target":{"@type":"EntryPoint","urlTemplate":"https:\/\/eoly-energy.com\/fr\/?s={search_term_string}"},"query-input":{"@type":"PropertyValueSpecification","valueRequired":true,"valueName":"search_term_string"}}],"inLanguage":"fr-FR"},{"@type":"Organization","@id":"https:\/\/eoly-energy.com\/fr\/#organization","name":"Eoly","url":"https:\/\/eoly-energy.com\/fr\/","logo":{"@type":"ImageObject","inLanguage":"fr-FR","@id":"https:\/\/eoly-energy.com\/fr\/#\/schema\/logo\/image\/","url":"https:\/\/eoly-energy.com\/wp-content\/uploads\/2025\/01\/64a9e6bc-8e45-4738-a093-6e93c8bf16f0.png","contentUrl":"https:\/\/eoly-energy.com\/wp-content\/uploads\/2025\/01\/64a9e6bc-8e45-4738-a093-6e93c8bf16f0.png","width":1920,"height":490,"caption":"Eoly"},"image":{"@id":"https:\/\/eoly-energy.com\/fr\/#\/schema\/logo\/image\/"}}]}},"_links":{"self":[{"href":"https:\/\/eoly-energy.com\/fr\/wp-json\/wp\/v2\/faq\/5157","targetHints":{"allow":["GET"]}}],"collection":[{"href":"https:\/\/eoly-energy.com\/fr\/wp-json\/wp\/v2\/faq"}],"about":[{"href":"https:\/\/eoly-energy.com\/fr\/wp-json\/wp\/v2\/types\/faq"}],"wp:attachment":[{"href":"https:\/\/eoly-energy.com\/fr\/wp-json\/wp\/v2\/media?parent=5157"}],"curies":[{"name":"wp","href":"https:\/\/api.w.org\/{rel}","templated":true}]}}

Que pense la population de l’énergie éolienne ?

<p><span class="TextRun SCXW88858333 BCX0" lang="FR-FR" xml:lang="FR-FR" data-contrast="auto"><span class="NormalTextRun SCXW88858333 BCX0">Une </span></span><a class="Hyperlink SCXW88858333 BCX0" href="https://emis.vito.be/sites/emis.vito.be/files/articles/3331/2015/Eindrapport_draagvlakwindenergie.pdf" target="_blank" rel="noreferrer noopener"><span class="TextRun Underlined SCXW88858333 BCX0" lang="FR-FR" xml:lang="FR-FR" data-contrast="none"><span class="NormalTextRun SCXW88858333 BCX0" data-ccp-charstyle="Hyperlink">enquête</span></span></a><span class="TextRun SCXW88858333 BCX0" lang="FR-FR" xml:lang="FR-FR" data-contrast="auto"><span class="NormalTextRun SCXW88858333 BCX0"> </span><span class="ContextualSpellingAndGrammarError SCXW88858333 BCX0">révèle</span><span class="NormalTextRun SCXW88858333 BCX0"> que la majorité de la population (plus de 80 %) n’a aucun problème avec l’énergie éolienne. Mais beaucoup de choses dépendent de la manière dont le projet se concrétise. Les habitants du quartier sont-ils impliqués ? Les informations fournies sont-elles suffisantes ? </span><span class="SpellingError SCXW88858333 BCX0">Eoly</span><span class="NormalTextRun SCXW88858333 BCX0"> Energy s’attache toujours à établir une communication ouverte et transparente. Vous avez des </span><span class="FindHit SCXW88858333 BCX0">questions</span><span class="NormalTextRun SCXW88858333 BCX0"> sur un projet de votre région ? Envoyez-les à </span></span><a class="Hyperlink SCXW88858333 BCX0" href="mailto:info@eoly.be" target="_blank" rel="noreferrer noopener"><span class="TextRun Underlined SCXW88858333 BCX0" lang="FR-FR" xml:lang="FR-FR" data-contrast="none"><span class="NormalTextRun SCXW88858333 BCX0" data-ccp-charstyle="Hyperlink">info@eoly.be</span></span></a><span class="TextRun SCXW88858333 BCX0" lang="FR-FR" xml:lang="FR-FR" data-contrast="auto"><span class="NormalTextRun SCXW88858333 BCX0">. Nous vous </span></span><span class="TrackChangeTextInsertion TrackedChange  BCX0 SCXW88858333"><span class="TextRun  BCX0 SCXW88858333" lang="FR-FR" xml:lang="FR-FR" data-contrast="auto"><span class="NormalTextRun  BCX0 SCXW88858333">répondront </span></span></span><span class="TextRun  BCX0 SCXW88858333" lang="FR-FR" xml:lang="FR-FR" data-contrast="auto"><span class="NormalTextRun  BCX0 SCXW88858333">le plus rapidement possible.</span></span></p>

<!-- This site is optimized with the Yoast SEO plugin v27.5 - https://yoast.com/product/yoast-seo-wordpress/ -->
<title>Que pense la population de l’énergie éolienne ? - Eoly</title>
<meta name="robots" content="index, follow, max-snippet:-1, max-image-preview:large, max-video-preview:-1" />
<link rel="canonical" href="https://eoly-energy.com/fr/faqs/que-pense-la-population-de-lenergie-eolienne%e2%80%af/" />
<meta property="og:locale" content="fr_FR" />
<meta property="og:type" content="article" />
<meta property="og:title" content="Que pense la population de l’énergie éolienne ? - Eoly" />
<meta property="og:description" content="Une enquête révèle que la majorité de la population (plus de 80 %) n’a aucun problème avec l’énergie éolienne. Mais beaucoup de choses dépendent de la manière dont le projet se concrétise. Les habitants du quartier sont-ils impliqués ? Les informations fournies sont-elles suffisantes ? Eoly Energy s’attache toujours à établir une communication ouverte et transparente. Vous avez des questions sur un projet de votre région ? Envoyez-les &hellip; Continue reading &quot;Que pense la population de l’énergie éolienne ?&quot;" />
<meta property="og:url" content="https://eoly-energy.com/fr/faqs/que-pense-la-population-de-lenergie-eolienne%e2%80%af/" />
<meta property="og:site_name" content="Eoly" />
<meta name="twitter:card" content="summary_large_image" />
<script type="application/ld+json" class="yoast-schema-graph">{"@context":"https:\/\/schema.org","@graph":[{"@type":"WebPage","@id":"https:\/\/eoly-energy.com\/fr\/faqs\/que-pense-la-population-de-lenergie-eolienne%e2%80%af\/","url":"https:\/\/eoly-energy.com\/fr\/faqs\/que-pense-la-population-de-lenergie-eolienne%e2%80%af\/","name":"Que pense la population de l’énergie éolienne ? - Eoly","isPartOf":{"@id":"https:\/\/eoly-energy.com\/fr\/#website"},"datePublished":"2021-10-08T07:55:52+00:00","breadcrumb":{"@id":"https:\/\/eoly-energy.com\/fr\/faqs\/que-pense-la-population-de-lenergie-eolienne%e2%80%af\/#breadcrumb"},"inLanguage":"fr-FR","potentialAction":[{"@type":"ReadAction","target":["https:\/\/eoly-energy.com\/fr\/faqs\/que-pense-la-population-de-lenergie-eolienne%e2%80%af\/"]}]},{"@type":"BreadcrumbList","@id":"https:\/\/eoly-energy.com\/fr\/faqs\/que-pense-la-population-de-lenergie-eolienne%e2%80%af\/#breadcrumb","itemListElement":[{"@type":"ListItem","position":1,"name":"Home","item":"https:\/\/eoly-energy.com\/fr\/"},{"@type":"ListItem","position":2,"name":"Faq","item":"https:\/\/eoly-energy.com\/fr\/faqs\/"},{"@type":"ListItem","position":3,"name":"Que pense la population de l’énergie éolienne ?"}]},{"@type":"WebSite","@id":"https:\/\/eoly-energy.com\/fr\/#website","url":"https:\/\/eoly-energy.com\/fr\/","name":"Eoly","description":"Er waait een wind van verandering","publisher":{"@id":"https:\/\/eoly-energy.com\/fr\/#organization"},"potentialAction":[{"@type":"SearchAction","target":{"@type":"EntryPoint","urlTemplate":"https:\/\/eoly-energy.com\/fr\/?s={search_term_string}"},"query-input":{"@type":"PropertyValueSpecification","valueRequired":true,"valueName":"search_term_string"}}],"inLanguage":"fr-FR"},{"@type":"Organization","@id":"https:\/\/eoly-energy.com\/fr\/#organization","name":"Eoly","url":"https:\/\/eoly-energy.com\/fr\/","logo":{"@type":"ImageObject","inLanguage":"fr-FR","@id":"https:\/\/eoly-energy.com\/fr\/#\/schema\/logo\/image\/","url":"https:\/\/eoly-energy.com\/wp-content\/uploads\/2025\/01\/64a9e6bc-8e45-4738-a093-6e93c8bf16f0.png","contentUrl":"https:\/\/eoly-energy.com\/wp-content\/uploads\/2025\/01\/64a9e6bc-8e45-4738-a093-6e93c8bf16f0.png","width":1920,"height":490,"caption":"Eoly"},"image":{"@id":"https:\/\/eoly-energy.com\/fr\/#\/schema\/logo\/image\/"}}]}</script>
<!-- / Yoast SEO plugin. -->

Que pense la population de l’énergie éolienne ? - Eoly

Une enquête révèle que la majorité de la population (plus de 80 %) n’a aucun problème avec l’énergie éolienne. Mais beaucoup de choses dépendent de la manière dont le projet se concrétise. Les habitants du quartier sont-ils impliqués ? Les informations fournies sont-elles suffisantes ? Eoly Energy s’attache toujours à établir une communication ouverte et transparente. Vous avez des questions sur un projet de votre région ? Envoyez-les &hellip; Continue reading "Que pense la population de l’énergie éolienne ?"
